n) - 12*q(n). Give c(t).
3
Let f be (-3)/(-1) + -1*1. Let r(d) = -2*d**3 + 2*d**2 - 2 - d - 6*d**3 + 7*d**3. Calculate r(f).
-4
Let t(v) = 5*v**2 + 31*v - 16. Let k(f) be the second derivative of -f**4/12 - f**3 + 3*f**2/2 - 2*f. Let q(z) = -11*k(z) - 2*t(z). What is q(-3)?
-4
Let i(b) = 5*b**3 + b**2 + b. Let s be 1 - (-2 + -1 + 2). Suppose 2*z + 4 = s. Determine i(z).
-5
Let n(m) = m**2 + 5*m + 5. Suppose -4*v - t - 14 + 3 = 0, -2*v + 2 = 2*t. Let o = v - 1. Determine n(o).
5
Suppose -2*m = x - 6*x + 16, -3*m - x + 10 = 0. Suppose 0 = 4*p - m*k - 24, 2*p + 5 = -4*k - 3. Let z(j) = -j + 3. What is z(p)?
-1
Let n(k) = 2 - 3 + 8*k**2 - 1. Let h(u) = 1 - u + u - 4*u**2. Let p(q) = 9*h(q) + 4*n(q). What is p(1)?
-3
Let b(t) be the first derivative of -t**4/4 + 4*t**3/3 - t**2 + 5*t - 1. Let r(w) = -w + 2. Let m be r(2). Let l be 0 + m + (14 - 10). Give b(l).
-3
Let g(r) = -3*r + 0 - 1 + 1 - 1. Calculate g(2).
-7
Let b(v) = -v + 1. Let a(k) = 6*k - 5. Let r(h) = -a(h) - 4*b(h). Calculate r(5).
-9
Let h(c) be the second derivative of -c**4/12 - 2*c**3/3 + c**2/2 - 2*c. Calculate h(-5).
-4
Let d be 2 + (1 - 0 - 0). Let l(b) = -2*b + 7*b**2 - b - b**d - 4*b**2. Let g be l(2). Let i(j) = -j**3 - 4*j**2 - 3*j - 1. Give i(g).
-3
Let o(a) = 2*a**3 + 4*a**2 + 4. Let k(x) = -3*x**3 - 4*x**2 - x - 4. Let j(v) = 3*k(v) + 4*o(v). Determine j(4).
-8
Let c(z) be the second derivative of z**4/8 + z**3/2 + 3*z**2/2 + z. Let d(o) be the first derivative of c(o). Give d(-2).
-3
Let g be (-2)/(-8) - (-3)/4. Let n(z) = 1 + z**2 - 2 + 3*z**2 + z. What is n(g)?
4
Let d(x) be the second derivative of 13*x**4/12 - x**3/6 + 52*x. Give d(1).
12
Let x(n) = -44*n. Let h(l) = 5*l. Let q(g) = 52*h(g) + 6*x(g). Calculate q(-1).
4
Suppose k + 2 = 7. Suppose k*a - 3*n = 2, -3*a - n - 3 = -7*a. Let q(f) = -6*f - 1. Give q(a).
-7
Let s(t) = 5*t + 3. Let n be (-27)/(-18)*(-8)/3. Let c(r) = -5*r - 3. Let f(p) = n*s(p) - 3*c(p). Let d = 2 - 4. Determine f(d).
7
Let c(u) = -u**3 + 5*u**2 - 6*u + 5. Let i(n) be the third derivative of -n**4/6 - 2*n**3/3 + 8*n**2. Let q be i(-2). What is c(q)?
-3
Let o be 15/(-3)*(0 - -1). Let c(s) = s + 11. Let b be c(o). Let r(h) = -h**3 + 5*h**2 + 6*h + 2. What is r(b)?
2
Let c(k) = k + 9. Suppose -3*d - 5*d = -2*d. Give c(d).
9
Let j(q) = -2*q**3 - q**2 + 2*q - 1. Let a(m) = 2*m + m + 3*m**3 - 6*m - 3 + m**2 + 4. Let t(i) = 3*a(i) + 4*j(i). Calculate t(2).
1
Let v(o) = -7*o**2 - o + 2. Let f(m) = m**2 - 1. Let p(a) = -6*f(a) - v(a). Give p(-3).
10
Let h(p) = -3*p**2 + 7*p + 10. Let t(n) = -n**2 + 1. Let x(g) = g - 7. Let i be x(6). Let r(z) = i*h(z) + 4*t(z). What is r(-4)?
6
Let k(t) be the third derivative of 0*t + 1/24*t**4 + 0 - t**3 - 2*t**2. What is k(4)?
-2
Let u be -13 - (3 + 3)/(-2). Let o(h) = h**2 + 10*h + 5. Let k be o(u). Let w(t) = -t**2 + 4*t + 7. Calculate w(k).
2
Let c(i) = i**3 + 4*i**2 + i + 2. Suppose p = 5*p + 56. Let n = p + 10. What is c(n)?
-2
Let s(i) = -i**3 + i**2 + 3*i - 3. Let f be s(2). Suppose -c - 2*g = 3*c - 22, 28 = c + 5*g. Let v(m) = m + 1 - 81*m**2 + 0 + 3*m**c + 82*m**2. What is v(f)?
-2
Let x = 19 - 41. Let j = -21 - x. Let i(d) = d**3 + d**2 - d + 1. Give i(j).
2
Let k(o) = -2*o**2 - 8*o. Let i(z) = 3*z**2 + 15*z + 1. Let b(m) = -4*i(m) - 7*k(m). Determine b(4).
12
Let o(d) = -12*d**3. Suppose 9 = a - 4*a, 0 = 2*s - 3*a - 11. What is o(s)?
-12
Suppose -2*l = -l + 2. Let a(g) be the first derivative of -g**4/4 - 2*g - 1. What is a(l)?
6
Suppose -2*z = 2*z. Let i(a) = 2*a + 1. Let h be i(z). Let n(r) = 4*r**2 + 1. Give n(h).
5
Let j be (-5)/(6 - 11) - 3. Let i(g) = -2*g**2 + 0 + 1 - 2. What is i(j)?
-9
Let y(o) = -o**3 - 2*o**2 - 3*o + 3. Suppose 3*k = 10 - 19. Calculate y(k).
21
Suppose 2*t + r = -3, t + 4 = -4*r - 8. Let l(b) = -4*b + t*b + 2 - 3*b**2 + 7*b**3 - 6*b**3. Let z(x) = -x**2 + 4. Let g be z(0). Calculate l(g).
2
Let t(p) = -p + 1. Let u = 41 - 46. Calculate t(u).
6
Suppose 4*p + 7 = -t, -t + 3 + 4 = -3*p. Let g(v) = -v + 1. Calculate g(t).
0
Let r(z) = -9*z**2 - 3*z + 3. Let y(j) = 5*j**2 + 2*j - 2. Let i(p) = 3*r(p) + 5*y(p). Let m be ((-1 - 1) + 2)/2. Suppose 5*t + 1 + 9 = m. What is i(t)?
-11
Suppose 28*p - 27*p = 6. Let f(n) be the second derivative of n**4/12 - 5*n**3/6 - 2*n**2 - n. Give f(p).
2
Suppose 0 = b - 2*b + 6. Let q(c) = -4*c + c - b + 2*c. Give q(-7).
1
Let h(c) = -8*c**3 - c**2. Suppose 0 = s - 0 - 1. Calculate h(s).
-9
Let b(c) be the first derivative of c**4/12 - c**3/3 + 2*c - 3. Let j(s) be the first derivative of b(s). Calculate j(4).
8
Let t be (-1)/(-3)*126/7. Let u(r) = -r**2 + 5*r - 1. What is u(t)?
-7
Let w(j) = -j**2 - 6*j + 5. Let p be w(-7). Let n = p - -3. Suppose -c + 1 = -n. Let i(u) = -u**3 + 3*u**2 - 2*u - 2. Calculate i(c).
-2
Let b(p) be the third derivative of -p**6/120 - p**5/20 + p**4/8 + 2*p**3/3 + 14*p**2. Calculate b(-3).
-5
Suppose 0 = -0*f - 3*f + 3. Let n(y) = 3*y - 1. Give n(f).
2
Let k(a) be the first derivative of a**2/2 - 2*a + 2. Suppose 4*y + 2*y = 0. Let j be k(y). Let p(b) = -2*b**2 - 2*b - 3. Calculate p(j).
-7
Let u be 94/18 - (-16)/(-72). Suppose -3*r = -2*j + 19, 0*j + u*r + 10 = -j. Let d(f) = f**3 - 5*f**2 - f + 1. Calculate d(j).
-4
Let x(m) = -m**2 + 4*m - 4. Let f(t) = -2*t - 3. Let l be f(-4). Calculate x(l).
-9
Let p(w) be the second derivative of -w**5/20 - w**4/6 + w**3/6 + 2*w**2 + 6*w. Determine p(-3).
10
Let c(s) = -13*s**3 - 13*s**2 - 5*s - 13. Let j(b) = -3*b**3 - 3*b**2 - b - 3. Let o(v) = -2*c(v) + 9*j(v). Give o(-2).
1
Suppose -2*y = 3*y - 15. Let x(c) = -4 + c**3 + 0*c**2 - 2*c**y + 4*c**2 + 5*c. Determine x(5).
-4
Let t(f) = f. Let i be t(0). Suppose i = 4*k - 5*o + 49, -3*k - 2*o - o - 3 = 0. Let c(u) = u**2 + 4*u - 7. What is c(k)?
5
Let s(a) = -4*a**3 - 2*a**2 - 4*a - 4. Let h(j) = -11*j**3 - 7*j**2 - 10*j - 13. Let w(q) = 3*h(q) - 8*s(q). Give w(-5).
-17
Let q(r) be the first derivative of 2*r - 5*r + 4 + 4*r + 6*r**2 - 7*r**2. Suppose -t - 2*i - 6 = 0, 6*t + 4*i = t. Calculate q(t).
-7
Suppose 0 = -6*j - 5 + 11. Let o(f) = f**2 + f - 1. Calculate o(j).
1
Let i(x) = 7*x**3 - 5*x**2 + 5*x - 2. Let b(j) = -j**3 - j**2 + j - 1. Let r(f) = -6*b(f) - i(f). Give r(10).
-2
Let x(j) be the first derivative of j**2/2 - 65. Calculate x(2).
2
Let f(l) be the third derivative of -1/60*l**5 + 0*l + 2*l**2 + 0 - 1/360*l**6 + 1/3*l**3 - 1/6*l**4. Let b(g) be the first derivative of f(g). Give b(-3).
-7
Let q(l) = -l + 6. Let s be q(2). Suppose 2*j = -3*k - 2*k + 10, 5*k - 20 = -4*j. Suppose k = -s*g + 2*g - 8. Let m(v) = v. Calculate m(g).
-4
Suppose 4 = -z + 2. Let r(j) = 3*j**2 + 1 - j**2 - j**2. Give r(z).
5
Let r(g) = 5*g**2 - 3*g**3 + g**3 + 0 + 3*g**3 - 4*g + 3. What is r(-6)?
-9
Let f(r) be the first derivative of r**3/3 + 3*r**2 - 7*r - 4. Let t(h) = h**2 + h - 1. Let p(z) = -f(z) + 2*t(z). Determine p(5).
10
Let i(t) = 3*t**3 - 9*t**2 - 2 + 7*t + 0*t**3 - 2*t**3 + 4. What is i(8)?
-6
Let f(p) be the first derivative of -1 + 5*p + 1/2*p**2. Suppose 3*x + h = 5*h + 7, 0 = 5*h - 10. Calculate f(x).
10
Let z(p) be the second derivative of -3*p + 1/3*p**3 - 1/2*p**2 + 0. Give z(1).
1
Let h(f) = -2*f**3 - 4*f**2 - f. Let b(q) = 3*q**3 + 8*q**2 + q + 1. Let z(j) = -3*b(j) - 5*h(j). Determine z(4).
5
Let s(m) = -3*m - 8. Let v = -15 - -29. Suppose -5*z = -v + 44. Calculate s(z).
10
Let x(d) = -d**2 + 3*d - 2. Let n be (-1 - -5) + -2 + -11. Let l be (-44)/(-12) + 6/n. Calculate x(l).
-2
Let n = -80 - -88. Let g(x) = -x**3 + 9*x**2 - 11*x + 4. What is g(n)?
-20
Suppose 2*n = 4, 0 = -2*z - 0*z - 4*n + 26. Let m(s) = -1 + 2 + z*s - 6*s. Let l be (4/6)/((-8)/24). Give m(l).
-5
Let z(a) = -a**3 + 2*a**2 - 2*a + 1. Suppose 3 = 6*r - 3. Give z(r).
0
Suppose -153 + 141 = 4*p. Let j(l) = l**2 - l + 1. Give j(p).
13
Let s(u) be the second derivative of 2/3*u**3 + 5/2*u**2 + 0 + 4*u. Determine s(-4).
-11
Let n(s) be the second derivative of -s**5/20 + 7*s**4/12 + 4*s**3/3 - 2*s**2 - 4*s - 1. Calculate n(8).
-4
Let l(y) = -y**3 - 15*y**2 + 2. Let k be l(-15). Let s(x) = -2*x + 3. Give s(k).
-1
Let o(q) = 4*q + 4. Suppose -6 = -2*g + 4*g. What is o(g)?
-8
Let w(h) be the second derivative of 0 - 1/6*h**3 + 3*h**2 + 9*h. Calculate w(-5).
11
Let a(r) = -r**2 - 4*r + 3. Let g(q) = q**2 + 5*q - 3. Suppose -2*z + 6 + 4 = 0. Let p(i) = z*a(i) + 4*